{"id":73,"date":"2006-02-11T23:49:30","date_gmt":"2006-02-11T22:49:30","guid":{"rendered":"https:\/\/folin.nu\/blog\/om-mig\/"},"modified":"2024-11-26T11:29:36","modified_gmt":"2024-11-26T10:29:36","slug":"om-mig","status":"publish","type":"page","link":"https:\/\/folin.nu\/blog\/om-mig\/","title":{"rendered":"Om mig"},"content":{"rendered":"<p>Det g\u00e5r alldeles utm\u00e4rkt att anlita mig f\u00f6r allehanda uppdrag. Nedan ses ett axplock av vad jag har gjort tidigare. Jag har F-skattbevis. Skicka ett mail till <a href=\"mailto:johan@folin.nu\">johan@folin.nu<\/a>.<\/p>\n<p>1998 &#8211; 2001 :: naturvetenskapligt gymnasieprogram (Polhemskolan, Lund)<br \/>\n2001 &#8211; 2002 :: v\u00e4rnplikt (Skaraborgs regemente P4, Sk\u00f6vde)<br \/>\n2002 &#8211; 2004 :: infocom (LTH, Lund)<br \/>\n2005 \u00a0 \u00a0 \u00a0 \u00a0 \u00a0 :: juridisk introduktionskurs (LU, Lund)<br \/>\n2006 &#8211; \u00a0 \u00a0 \u00a0 \u00a0 :: pol mag (LU, Lund)<br \/>\n2021 \u00a0 \u00a0 \u00a0 \u00a0 \u00a0 :: medie- och kommunikationsvetenskap (LU, Lund)<\/p>\n<p><b>Utdrag ur meritf\u00f6rteckningen<\/b><br \/>\nstridsvagnsinstrukt\u00f6r, MSS Kvarn (april-maj 2003)<br \/>\nsystemutvecklare, LFV SATSA (sommar 2003)<br \/>\nstridsvagnsinstrukt\u00f6r, MSS Kvarn (april-maj 2004)<br \/>\nteknikchef, Radio AF (ht 2004-vt 2005)<br \/>\nprogrammerare, Quarterfive (vt 2005)<br \/>\nstridsvagnsinstrukt\u00f6r, MSS Kvarn (april-maj 2005)<br \/>\nteknikchef, Karnevalsradion (2006)<br \/>\nvikarierande ledarskribent\/-redakt\u00f6r, S\u00f6dermanlands Nyheter (juli-aug 2007)<br \/>\nhantverkare, IT-Hantverkarna (sep 2007-maj 2008)<br \/>\nvikarierande ledarskribent\/-redakt\u00f6r, S\u00f6dermanlands Nyheter (juli-aug 2008)<br \/>\nforskningsassistent, Ratio (juni-juli 2009)<br \/>\nvikarierande ledarskribent\/-redakt\u00f6r, S\u00f6dermanlands Nyheter (juli-aug 2009)<br \/>\nvikarierande ledarskribent, Kv\u00e4llsposten (april-maj 2010)<br \/>\nvikarierande ledarskribent, Svenska Dagbladet (juli-aug 2010)<br \/>\npress- och politisk sekreterare, Moderaterna i Region Sk\u00e5ne (april 2012-maj 2017)<br \/>\nkommunikationschef, Ifr\u00e5gas\u00e4tt Media Sverige AB (maj 2017-2019)<br \/>\nkommunikat\u00f6r, Min Doktor (2019-2020)<br \/>\nPR- och PA-konsult, Progress PR \u00d6resund (2022-)<\/p>\n","protected":false},"excerpt":{"rendered":"<p>Det g\u00e5r alldeles utm\u00e4rkt att anlita mig f\u00f6r allehanda uppdrag. Nedan ses ett axplock av vad jag har gjort tidigare. Jag har F-skattbevis. Skicka ett mail till johan@folin.nu. 1998 &#8211; 2001 :: naturvetenskapligt gymnasieprogram (Polhemskolan, Lund) 2001 &#8211; 2002 :: v\u00e4rnplikt (Skaraborgs regemente P4, Sk\u00f6vde) 2002 &#8211; 2004 :: infocom (LTH, Lund) 2005 \u00a0 \u00a0 &hellip; <a href=\"https:\/\/folin.nu\/blog\/om-mig\/\" class=\"more-link\">Forts\u00e4tt l\u00e4sa <span class=\"screen-reader-text\">Om mig<\/span> <span class=\"meta-nav\">&rarr;<\/span><\/a><\/p>\n","protected":false},"author":1,"featured_media":0,"parent":0,"menu_order":0,"comment_status":"open","ping_status":"open","template":"","meta":{"footnotes":""},"class_list":["post-73","page","type-page","status-publish","hentry"],"_links":{"self":[{"href":"https:\/\/folin.nu\/blog\/wp-json\/wp\/v2\/pages\/73","targetHints":{"allow":["GET"]}}],"collection":[{"href":"https:\/\/folin.nu\/blog\/wp-json\/wp\/v2\/pages"}],"about":[{"href":"https:\/\/folin.nu\/blog\/wp-json\/wp\/v2\/types\/page"}],"author":[{"embeddable":true,"href":"https:\/\/folin.nu\/blog\/wp-json\/wp\/v2\/users\/1"}],"replies":[{"embeddable":true,"href":"https:\/\/folin.nu\/blog\/wp-json\/wp\/v2\/comments?post=73"}],"version-history":[{"count":11,"href":"https:\/\/folin.nu\/blog\/wp-json\/wp\/v2\/pages\/73\/revisions"}],"predecessor-version":[{"id":1399,"href":"https:\/\/folin.nu\/blog\/wp-json\/wp\/v2\/pages\/73\/revisions\/1399"}],"wp:attachment":[{"href":"https:\/\/folin.nu\/blog\/wp-json\/wp\/v2\/media?parent=73"}],"curies":[{"name":"wp","href":"https:\/\/api.w.org\/{rel}","templated":true}]}}

<p>Det går alldeles utmärkt att anlita mig för allehanda uppdrag. Nedan ses ett axplock av vad jag har gjort tidigare. Jag har F-skattbevis. Skicka ett mail till <a href="mailto:johan@folin.nu">johan@folin.nu</a>.</p>
<p>1998 &#8211; 2001 :: naturvetenskapligt gymnasieprogram (Polhemskolan, Lund)<br />
2001 &#8211; 2002 :: värnplikt (Skaraborgs regemente P4, Skövde)<br />
2002 &#8211; 2004 :: infocom (LTH, Lund)<br />
2005           :: juridisk introduktionskurs (LU, Lund)<br />
2006 &#8211;         :: pol mag (LU, Lund)<br />
2021           :: medie- och kommunikationsvetenskap (LU, Lund)</p>
<p><b>Utdrag ur meritförteckningen</b><br />
stridsvagnsinstruktör, MSS Kvarn (april-maj 2003)<br />
systemutvecklare, LFV SATSA (sommar 2003)<br />
stridsvagnsinstruktör, MSS Kvarn (april-maj 2004)<br />
teknikchef, Radio AF (ht 2004-vt 2005)<br />
programmerare, Quarterfive (vt 2005)<br />
stridsvagnsinstruktör, MSS Kvarn (april-maj 2005)<br />
teknikchef, Karnevalsradion (2006)<br />
vikarierande ledarskribent/-redaktör, Södermanlands Nyheter (juli-aug 2007)<br />
hantverkare, IT-Hantverkarna (sep 2007-maj 2008)<br />
vikarierande ledarskribent/-redaktör, Södermanlands Nyheter (juli-aug 2008)<br />
forskningsassistent, Ratio (juni-juli 2009)<br />
vikarierande ledarskribent/-redaktör, Södermanlands Nyheter (juli-aug 2009)<br />
vikarierande ledarskribent, Kvällsposten (april-maj 2010)<br />
vikarierande ledarskribent, Svenska Dagbladet (juli-aug 2010)<br />
press- och politisk sekreterare, Moderaterna i Region Skåne (april 2012-maj 2017)<br />
kommunikationschef, Ifrågasätt Media Sverige AB (maj 2017-2019)<br />
kommunikatör, Min Doktor (2019-2020)<br />
PR- och PA-konsult, Progress PR Öresund (2022-)</p>

<p>Det går alldeles utmärkt att anlita mig för allehanda uppdrag. Nedan ses ett axplock av vad jag har gjort tidigare. Jag har F-skattbevis. Skicka ett mail till johan@folin.nu. 1998 &#8211; 2001 :: naturvetenskapligt gymnasieprogram (Polhemskolan, Lund) 2001 &#8211; 2002 :: värnplikt (Skaraborgs regemente P4, Skövde) 2002 &#8211; 2004 :: infocom (LTH, Lund) 2005     &hellip; <a href="https://folin.nu/blog/om-mig/" class="more-link">Fortsätt läsa <span class="screen-reader-text">Om mig</span> <span class="meta-nav">&rarr;</span></a></p>
